 + 282586?
282597
In base 15, what is -3ea + -986?
-d81
In base 10, what is -24966 + 5?
-24961
In base 2, what is 10 + -110110001100101?
-110110001100011
In base 10, what is 28953 + -1?
28952
In base 3, what is 20101122 - -101?
20102000
In base 10, what is 2 + 8282?
8284
In base 5, what is -110333232 - 3?
-110333240
In base 14, what is 430 + 64b?
a7b
In base 10, what is 16 - 5499?
-5483
In base 3, what is -1001 + 11202020200?
11202012122
In base 13, what is 104 + -89?
48
In base 12, what is 0 + -b7162?
-b7162
In base 8, what is 3 + 3033007?
3033012
In base 8, what is -65 + 2000?
1713
In base 12, what is 133 - -1b34?
2067
In base 14, what is -8824d1 + 3?
-8824cc
In base 13, what is -2 + -3131?
-3133
In base 9, what is 1 + 1868?
1870
In base 3, what is 10 - 11212120011?
-11212120001
In base 9, what is 162826 - 2?
162824
In base 11, what is -7 - 6a489?
-6a495
In base 7, what is 30 - -324343?
324403
In base 10, what is 3533 + -43?
3490
In base 7, what is 343 + 660?
1333
In base 3, what is 11 - 1122021210012?
-1122021210001
In base 8, what is -1 - -34432?
34431
In base 13, what is -3 - -6554?
6551
In base 8, what is -1112 - 27156?
-30270
In base 11, what is -13 + -1773?
-1786
In base 14, what is -3737 - 4?
-373b
In base 4, what is -30102 - -3?
-30033
In base 16, what is 1220 + 10?
1230
In base 12, what is 18b + 195?
364
In base 13, what is -2b6 - -7?
-2ac
In base 7, what is 1 + 225264?
225265
In base 5, what is -101134 - -2?
-101132
In base 14, what is -1cc6 - b?
-1cd3
In base 8, what is -2 - 21007?
-21011
In base 6, what is 3 + -23051?
-23044
In base 4, what is -220100 - -3?
-220031
In base 13, what is a - -4b3c?
4b49
In base 10, what is -516 + -56?
-572
In base 13, what is -11668 - -1?
-11667
In base 13, what is 29b + 23?
2c1
In base 5, what is -11 - 43301?
-43312
In base 8, what is -243267 + -54?
-243343
In base 4, what is 12011120120 + 3?
12011120123
In base 12, what is 3 - b9919?
-b9916
In base 15, what is 28dd0 + 1?
28dd1
In base 8, what is -5 + -132666?
-132673
In base 6, what is -5145103 + -2?
-5145105
In base 11, what is 4 + -421828?
-421824
In base 12, what is -4 + -76068?
-76070
In base 8, what is 44763 - 5?
44756
In base 5, what is -1 - 2022103?
-2022104
In base 11, what is -983 + -83?
-a56
In base 2, what is 100010100 - -100100011?
1000110111
In base 10, what is -1 + 1037?
1036
In base 8, what is -72462 - -4?
-72456
In base 6, what is 132500134 + 4?
132500142
In base 2, what is 1000010001 + 11101011110?
100101101111
In base 2, what is 1001111010 - 1001011?
1000101111
In base 13, what is 143 + 1265?
13a8
In base 3, what is -101111202 - -210?
-101110222
In base 13, what is -15 - 494b?
-4963
In base 9, what is 12 - -3035?
3047
In base 9, what is -30387 + -126?
-30524
In base 16, what is -98 + 84?
-14
In base 3, what is -22112111100 - 2002?
-22112120102
In base 7, what is 115564 - 23?
115541
In base 7, what is 1063 - 341?
422
In base 15, what is 7 + 87c1?
87c8
In base 15, what is 19a1 - 1c?
1984
In base 6, what is -13445530 - -3?
-13445523
In base 7, what is 2341131 - -2?
2341133
In base 15, what is 223ac - 4?
223a8
In base 9, what is 266005 + -3?
266002
In base 15, what is -2 + -7e10?
-7e12
In base 5, what is 31022 + -10?
31012
In base 16, what is 1 + -1dc?
-1db
In base 11, what is -18496 + -1?
-18497
In base 10, what is -4594 - 28?
-4622
In base 3, what is 200 - -1021102122?
1021110022
In base 2, what is 1100110 - 100110111100?
-100101010110
In base 4, what is -212 - 132221?
-133033
In base 11, what is -1950169 + 2?
-1950167
In base 2, what is 10001010 + 101110010?
111111100
In base 12, what is -2 + -11465?
-11467
In base 6, what is -231033 - 10?
-231043
In base 9, what is -528812 + 5?
-528806
In base 8, what is -667 + 22?
-645
In base 2, what is 1011010100001 - 1100001?
1011001000000
In base 2, what is 101 - -10011100011000010?
10011100011000111
In base 6, what is 144 + -211504?
-211320
In base 13, what is -517b - 7?
-5185
In base 6, what is -4 + -20255150?
-20255154
In base 8, what is 246 - 772?
-524
In base 2, what is 1111100 - -10111101010?
11001100110
In base 6, what is -155225 - 1?
-155230
In base 7, what is 245 - -10561?
11136
In base 8, what is 3 + -165504?
-165501
In base 15, what is -155a - 72?
-15cc
In base 11, what is 3 - 5291?
-5289
In base 14, what is 13c1 - -176?
1557
In base 5, what is -312404302 - 10?
-312404312
In base 3, what is 210212 + 121?
211110
In base 3, what is 10020021 + 10020?
10100111
In base 10, what is 85134 - -3?
85137
In base 7, what is -1143 - -11401?
10225
In base 10, what is -3 + -16330?
-16333
In base 14, what is -1084bd - 2?
-1084c1
In base 9, what is 3 + 27036?
27040
In base 15, what is 187b2d - -3?
187b31
In base 9, what is 323 + 3130?
3453
In base 15, what is -d - 2d96e?
-2d97c
In base 10, what is -31 + 498?
467
In base 2, what is 101110000011 + -101011?
101101011000
In base 14, what is 1434 + d?
1443
In base 7, what is -31 - -5545?
5514
In base 6, what is 11 + -52101?
-52050
In base 4, what is 1 - -1133010?
1133011
In base 8, what is -357 + -4743?
-5322
In base 15, what is 5 - -305ea?
30600
In base 13, what is 5 - -228c93?
228c98
In base 4, what is 11132 - 33?
11033
In base 8, what is -5 - 44267?
-44274
In base 15, what is -2 - -55122?
55120
In base 10, what is -29 - 4060?
-4089
In base 9, what is 100 + -72882?
-72782
In base 8, what is -2523 - 575?
-3320
In base 7, what is -145 - -1404?
1226
In base 16, what is f - -100f?
101e
In base 15, what is -1d83 + -5?
-1d88
In base 3, what is -1220221221 - 10?
-1220222001
In base 12, what is 5053 + -4?
504b
In base 13, what is -a - 2b402?
-2b40c
In base 15, what is -e10 + 3?
-e0c
In base 16, what is 31dc1 + 1?
31dc2
In base 7, what is 1 + -600542?
-600541
In base 3, what is -200222 + -101?
-201100
In base 16, what is ab0b - -2?
ab0d
In base 6, what is -13243 - -1313?
-11530
In base 3, what is 202122121 - 1?
202122120
In base 10, what is 72329 - 5?
72324
In base 8, what is 10157675 - -2?
10157677
In base 15, what is -ea54 - 4?
-ea58
In base 5, what is -20013223 + -33?
-20013311
In base 3, what is 0 + -220020101000?
-220020101000
In base 13, what is 134 - b2a2?
-b16b
In base 4, what is 0 - -1031030?
1031030
In base 3, what is 102120110 - 10?
102120100
In base 11, what is 1464 + 23?
1487
In base 2, what is 1001000101110110 + 0?
1001000101110110
In base 16, what is 15f - -34b?
4aa
In base 10, what is -5 - -51412?
51407
In base 12, what is -17a - 11a5?
-1363
In base 13, what is -90a + -2?
-90c
In base 16, what is -36 - -7e2?
7ac
In base 15, what is -9 + 44c2?
44b8
In base 11, what is -55a + -543?
-aa2
In base 5, what is 1412401 + 13?
1412414
In base 15, what is 2 - -13966?
13968
In base 16, what is -2b0 + 1?
-2af
In base 11, what is -1721 + -27?
-1748
In base 8, what is 452 + -3054?
-2402
In base 14, what is -1043 - -d?
-1034
In base 7, what is -46 - 1642?
-2021
In base 13, what is -2 - 2a79?
-2a7b
In base 9, what is -50 - 76?
-136
In base 7, what is 145 + -1634?
-1456
In base 13, what is 5c - 233?
-1a4
In base 6, what is 112 - -11510?
12022
In base 14, what is 1b47 - -5b?
1ba4
In base 8, what is -235102 - -2?
-235100
In base 6, what is -4 + -203240?
-203244
In base 12, what is 2 + 942a6?
942a8
In base 16, what is -1 + 25a?
259
In base 2, what is -11100 + -110010001010100?
-110010001110000
In base 10, what is -2 - -176693?
176691
In base 10, what is -1 - 2799?
-2800
In base 13, what is 11075 - -11?
11086
In base 10, what is 10 - 75592?
-75582
In base 6, what is 2012455 + -2?
2012453
In base 14, what is 2d + -3951?
-3922
In base 7, what is 33 - 2540?
-2504
In base 6, what is -4433325 - 5?
-4433334
In base 12, what is -16 + 13230?
13216
In base 4, what is 221 + 10032322?
10033203
In base 9, what is 80 + -1860?
-1770
In base 11, what is -5 + 119a4?
1199a
In base 13, what is 16347 - 43?
16304
In base 10, what is 12 - 2381?
-2369
In base 8, what is 22 - 1307?
-1265
In base 10, what is 5 + -59263?
-59258
In base 11, what is -67298 + -31?
-67319
In base 16, what is -15 - -3d03?
3cee
In base 8, what is 2264 - 2222?
42
In base 9, what is 213844 - 1?
213843
In base 11, what is 5059 + -3?
5056
In base 2, what is -1000110101100 + 111011?
-1000101110001
In base 12, what is -1 + 6813?
6812
In base 15, what is 5 - -ca8d?
ca93
In base 6, what is -1032 - -4233?
3201
In ba